Suppose 5*g - 25 = 0, 0 = 4*l - 7*l - g + 2219. What is the hundreds digit of l?
7
Suppose -13*a = -14*a - 3. Let z(q) = -3*q - 7. What is the units digit of z(a)?
2
Suppose -4*b + 1169 = x, -4*x = 4*b - 8*b + 1164. What is the tens digit of b?
9
Suppose -44*d = -40*d - 632. What is the units digit of d?
8
Let j(l) = -l**3 - 7*l**2 - 6*l + 3. Let o be j(-6). Suppose 7*f + 5*d + 7 = 4*f, -o = f + 2*d. Suppose 11 = 5*r + f. What is the units digit of r?
2
Suppose -6*d = -d + 5*v - 105, -4*d - v = -90. Let s = -16 + d. Let u(q) = q**3 - 8*q**2 + 11*q - 9. What is the tens digit of u(s)?
1
Suppose 304 + 461 = 9*z. What is the tens digit of z?
8
Suppose -2*x + 998 = 2*s + 2*x, 5*x - 1000 = -2*s. What is the units digit of s?
5
What is the units digit of ((326 - 6) + 3)*3?
9
Suppose 0 = 4*t + h + 6, 5*t + 9 = 2*h - 5. What is the hundreds digit of (-227)/t + (-8)/(-16)?
1
Let n = -95 - -109. Let u = n + 11. What is the units digit of u?
5
Let l(t) = -t + 18. Suppose 0 = -3*c + 2*y + 36, 0 = 4*c - 3*y - 48 - 0. Let q be l(c). Suppose 4*g = 4, k + 81 = q*k + g. What is the units digit of k?
6
Suppose 3*v - 82 + 70 = 0. Suppose -n = -v*n + 264. What is the units digit of n?
8
Let c = -69 - -73. Suppose 0 = -t + 4*i + 157, 2*i = c*t - 2*i - 640. What is the hundreds digit of t?
1
Suppose 0 = -3*i + 128 + 199. Let p = i - 61. What is the tens digit of p?
4
Let k(a) = -24*a**2 + 1. Let o be k(1). Let b = o - -17. Let q(n) = -n**2 - 7*n + 4. What is the units digit of q(b)?
0
Let u be (-48)/(-26) - (-4)/26. Suppose -y - 33 = 4*j, -u*j + y = 6*y + 39. Let m(c) = c**3 + 8*c**2 - c - 1. What is the tens digit of m(j)?
5
Suppose 4*a = -6 - 6. Let h be a + (-2)/(6/(-51)). Let l = h - -10. What is the tens digit of l?
2
Suppose -2*p - 16 = 3*w - 0, -5*p = -4*w + 40. Let d = 17 + p. What is the units digit of d?
9
Let i(k) = 3*k. Let c be i(0). Suppose c = 2*h - 4, 2*h + 2*h = 3*j - 676. What is the tens digit of j?
2
Suppose 4*a = 5*f + 12 + 5, -5*f = 25. Let b be 22*((-25)/a)/5. Let s = b + -31. What is the tens digit of s?
2
Let h(p) = -2*p + 7. Let x be h(3). What is the tens digit of 1/(x/173) - 3?
7
Suppose 2*y = d + 568 + 301, -y - d = -430. What is the tens digit of y?
3
Let w(c) = c**3 + 28*c**2 - 6*c - 31. What is the hundreds digit of w(-25)?
9
Suppose -68 = w + 219. Let v = w - -144. What is the tens digit of (-249)/(-13) - (-22)/v?
1
Let s be 24/12 + (499 - -1). Suppose 0 = 6*q - 50 - s. What is the units digit of q?
2
Let o be 1*(-3)/(12/(-592)). Suppose -7*g = -300 - o. What is the tens digit of g?
6
Suppose 0 = 5*w - 5*l - 20, w - 5*w - 3*l = -16. Suppose 5*u - 56 - 245 = -b, b = -w. What is the units digit of u?
1
Let b be 9306/(-36) - (6/4 + -1). Let m = 421 + b. What is the tens digit of m?
6
Suppose 2*u = -3*i + i + 56, -4*u - 158 = -5*i. Let o = 9 - 4. Suppose -3*t - 5 = -5*s, i = t + t + o*s. What is the units digit of t?
5
Let i be 1 - (0 + 5)*1. Let v be (i - 0)/((-2)/11). Suppose -2*w = -2*c - v, -w = w + 4*c - 46. What is the units digit of w?
5
Let m(s) = 9*s**2 + 13*s + 17. Let i be m(-6). Suppose 4*v - i = -0*w - 3*w, -3*v + 4*w + 216 = 0. What is the units digit of v?
8
Let i(b) = 2*b**2. Let u be i(1). What is the hundreds digit of -1 + u/(2/105)?
1
Suppose -6*g = -7*g + 2. Let t be (-2 + -3 + g)*27. Let a = -46 - t. What is the tens digit of a?
3
Let l be 215/45 - 6/(-27). Suppose -9 = -l*c - 4. Suppose 5*z = -c + 216. What is the units digit of z?
3
Let i(q) = -16*q**3 + q**2 - 3*q + 23. What is the units digit of i(-4)?
5
Let p(y) = -288*y + 4. Let u be p(1). Let r = -123 - u. What is the tens digit of r?
6
Let t = 0 + 0. Suppose -g = -t*g - 5. Suppose -q = -3*f + 2, 0*f - 2*f + 24 = g*q. What is the units digit of f?
2
Suppose 315 = 3*y + 5*k - 10*k, -3*k = 0. Let q be (-4)/2*(-6)/4. Suppose -q*t + y = -5*a + 15, a = 2*t - 53. What is the units digit of t?
5
Suppose j - 20 = -3*j. Suppose 5*d = -4*q + 284, 0*d = j*q - d - 384. What is the units digit of q?
6
Let u = 598 - 578. What is the units digit of u?
0
Let k be -1 - (2 + (-1461)/(-1)). What is the tens digit of (k/(-7))/3 + 8/28?
7
Let l be (-2)/4 + (-245)/14. Let m = 26 + l. Suppose -a + m = a. What is the units digit of a?
4
Suppose 5*q - 13*q + 6696 = 0. What is the tens digit of q?
3
Let z(n) = -7*n**2 - 6*n + 3*n**3 + 9 + n**3 - 5*n**3. Let k be z(-7). Suppose -3*u + 27 + 13 = 2*d, 5*d - k = -4*u. What is the units digit of u?
4
Suppose -l + 0 = 5. Let b = -13 + 1. What is the units digit of b/(-10) + 1/l?
1
Let y(h) = h**3 - 3*h**2 - 5*h + 3. Let u be y(4). What is the tens digit of (-530)/(-15) + u/(-6)*-2?
3
Suppose 219*b = 223*b - 2160. What is the hundreds digit of b?
5
What is the tens digit of (1 - (-12)/8)*(-932)/(-10)?
3
Suppose -121*c + 911 = -120*c. What is the tens digit of c?
1
Suppose 0 = -w + 5*c - 197, 5*w - 4*c + 985 = -0*w. Let v = -138 - w. What is the units digit of v?
9
Suppose 0 = 4*w + 3*l - 1500, 5*w - 46*l = -50*l + 1874. What is the tens digit of w?
7
Let q be (-1)/((-30)/9 - -3). Suppose 2*o = q + 5. Suppose 2*m = o*g + 62, -13 = -5*m + 4*g + 118. What is the units digit of m?
3
Let j(c) = -21*c + 0*c**2 - 3*c**2 + 0*c**2 + 4*c**2 - 45. What is the units digit of j(23)?
1
Let d(n) = 473*n + 143. What is the thousands digit of d(8)?
3
Let a = 31 + 39. What is the tens digit of (192/(-10))/((-21)/a)?
6
Suppose 5*a + 3 = 28. Suppose a*u = 7*u - 118. What is the tens digit of u?
5
Let m = -66 - -118. Suppose 0 = 4*k - 156 - m. What is the tens digit of k?
5
Let j = -461 + 831. What is the hundreds digit of j?
3
Let u = -39 + 54. Suppose 5*l - n + 4*n - 53 = 0, 0 = -l - 5*n + u. What is the units digit of l?
0
Let h(c) = 25*c**2 + 7*c - 15. Suppose -3*n + 21 = 9*b - 6*b, 3*n = -4*b + 26. What is the units digit of h(n)?
9
What is the units digit of (-78)/(-156) - 743/(-2)?
2
Suppose -11*u = 11*u - 49302. What is the thousands digit of u?
2
Let l = -2555 - -3757. What is the units digit of l?
2
Let p be (-410)/(-35) - 4/(-14). Suppose p = -2*w + 5*r, -r = 2*r. What is the units digit of w/(-9)*3 + 31?
3
Let b = 26 - 25. What is the tens digit of (0 + b)/(4/204)?
5
Let l(a) be the first derivative of a**3/3 - a**2/2 + 28*a + 3. What is the tens digit of l(-10)?
3
Let t be (-3)/(-4) - 30/(-24). Suppose -t*i + 5*f = 35 - 87, 2*i = -2*f + 66. What is the tens digit of i?
3
Suppose 18*x - 13*x = 3045. What is the tens digit of x?
0
What is the tens digit of 579 + 4/(-16)*4?
7
Suppose -5*u + 445 = 70. Let d(i) = -i**3 + i**2 - i + 3. Let x be d(0). Suppose 0*n - u = -x*n. What is the tens digit of n?
2
Suppose 0 = -10*b + 424 + 1956. What is the tens digit of b?
3
Let m = -18 + 22. Suppose m*n - n = -k + 12, -2 = 2*n. What is the tens digit of k?
1
Suppose 3923 + 2089 = 6*z. What is the units digit of z?
2
Let u be 100/(-15)*12/(-10). Suppose u*x - 3 = 13. What is the units digit of x?
2
Let c(a) = a - 4 + 1 + 13 + 17*a. What is the tens digit of c(5)?
0
Let y = 5 - -2. Suppose 0*s - y = -s. What is the units digit of (-14)/(-49) + 131/s?
9
What is the hundreds digit of (-66088)/(-198) - (-4)/18?
3
Let u(z) = -z**3 - 61*z**2 + 153*z - 160. What is the units digit of u(-64)?
6
Let n = -1955 + 3280. What is the units digit of n?
5
Let u = 3 - 3. Suppose y - 5*y = u. What is the tens digit of -3 + 3 + y - -15?
1
Let y(b) = -218*b - 95. What is the units digit of y(-9)?
7
Let g be 2/(-3) - (-33)/9. Suppose -g*k - k = -116. Suppose -c = 3 - k. What is the units digit of c?
6
Suppose 5*m = -2*k + 10, 5*k = -4*m + 2*m + 4. Suppose 4*r + 12 = 0, -3*o + 55 = o - r. Let y = o + m. What is the units digit of y?
5
Suppose 1453 = 4*a - 1539. What is the hundreds digit of a?
7
Let i be (-6)/4 - 0 - (-3616)/(-64). Let c = 68 + i. What is the units digit of c?
0
Let x be -12*(4 - 40/6). Let o = -31 + x. What is the units digit of o?
1
Let t(c) = 3*c**2 - 20*c + 186. What is the tens digit of t(10)?
8
Suppose 3*c = 14*z - 12*z + 2289, 0 = 2*c - 2*z - 1524. What is the hundreds digit of c?
7
Let g = 5 - 0. Suppose -g*h - 8 + 3 = 0. What is the units digit of h/(-4) + (-150)/(-40)?
4
Suppose 5*h - 107 = n + 2*h, n + 104 = 2*h. Let c = n + 259. What is the hundreds digit of c?
1
Let i(n) = -n**2 - 9*n - 29. Let m be i(-12). Let h = -31 - m. What is the units digit of 